 is the remainder when o is divided by 16?
12
Suppose -4*w - 6*t + 5580 = 0, -2786 = 28*w - 30*w - t. What is the remainder when w is divided by 17?
15
Suppose -3*c + 12*c - 348 = 7*c. What is the remainder when 316 is divided by c?
142
Let c = 2254 - 1941. Calculate the remainder when c is divided by 90.
43
Let s(l) = -2*l + 72. What is the remainder when (4/20)/(19744/2820 + -7) is divided by s(23)?
11
Let b = 45 - 27. Suppose 0 = -2*a - 5*w + 14 + b, -6 = -3*a + 3*w. What is the remainder when 44 is divided by a?
2
Let b = -9685 + 10629. What is the remainder when b is divided by 7?
6
Suppose 51*u - 318 = 45*u. Let l be (-8)/2 + -15 + -93. Calculate the remainder when u is divided by (-9)/6*l/6.
25
Suppose -86*a = 60*a - 150380. Calculate the remainder when a is divided by 1021.
9
Suppose -73*a + 3*r - 57 = -75*a, 33 = 4*a - 3*r. Calculate the remainder when a is divided by (-37)/(-5) - 2/5.
1
Let x = -399 - -629. Let k = -92602 - -92613. Calculate the remainder when x is divided by k.
10
Suppose m - 29 = 2*m. Let y = m + 28. Calculate the remainder when (-2756)/(-39) + (y - (-1)/3) is divided by 24.
22
Let q(f) = 4*f**2 - 24*f + 29. Let a be q(12). Let b = -278 + a. Calculate the remainder when b is divided by 11.
6
Let x(g) = -4*g + 131. Suppose 3*z - 10 = -4*s - 2*z, 0 = -2*s + 3*z - 6. Suppose -b + 11 + 22 = 0. What is the remainder when x(s) is divided by b?
32
Suppose 2*f = -3*f + 5*y + 690, 4*f = 5*y + 552. Suppose 3*k - 4*z = 62, -3*k - 4*z + 22 = -0. What is the remainder when f is divided by k?
12
Let o = 326 + -318. Suppose -o*h + 133 = 21. What is the remainder when 138 is divided by h?
12
Let j be 2 + 91 + 3 + -6. Let c be (-11 - -15)*15 - (0 - 5). Let w = j - c. What is the remainder when 48 is divided by w?
23
Suppose 9*c + 429 - 420 = 0. Calculate the remainder when 194 is divided by (39 + -40)/(c/33).
29
Suppose 1097*h = 1102*h - 20670. Calculate the remainder when h is divided by 47.
45
Suppose 2*l + 96 = 2*o, 2*l = -3*o + 164 - 10. Calculate the remainder when 52 is divided by o.
2
Suppose 0 = 26*c - 645 - 4815. Calculate the remainder when 1014 is divided by c.
174
Let t(d) = 54*d. Let c be t(-1). Let i = -48 - c. Suppose -i*s + 87 = 3. What is the remainder when 40 is divided by s?
12
What is the remainder when 7595 is divided by (4 + (3 - -1))*72/16?
35
Let t be (66/55)/(6/20). What is the remainder when (-2*20)/(t/(-4)) is divided by (-380)/(-30) + (0 - 16/(-12))?
12
Suppose 53*n - 13086 = 29314. What is the remainder when n is divided by 71?
19
Let m = -106 - -124. Suppose -11*h = -m*h + 7. What is the remainder when 3 is divided by h?
0
Let x(h) = h**2 - 12*h + 20. Let z be x(12). Let y = -20 + z. Suppose 2*r = -b + 27 - 12, y = -3*r + 2*b + 26. Calculate the remainder when 22 is divided by r.
6
Let r(u) = -u**3 + u**2 + u - 1. Let v be r(5). Let f = v + 192. What is the remainder when f is divided by 42?
12
Let x = -4 - 6. Let r = x + 35. What is the remainder when 974/5357 + 3954/33 is divided by r?
20
Suppose 5*f + 3*u + 7 = 0, u + 4 = -0*u. Let h(k) = -k**3 + 6*k**2 + 8*k + 8. Calculate the remainder when h(7) is divided by ((-32)/(-4) - f) + (1 - 0).
7
Suppose -44*k + 101073 = -280615 - 777976. What is the remainder when k is divided by 23?
21
Let k = 30 + -34. Calculate the remainder when ((-65)/52)/((-1)/k) + 121 is divided by 41.
34
Let h(g) = 5*g - 65. Let v be 1/(((-4)/1)/(-4)). Let k(j) = -j - 1. Let c(p) = v*h(p) - 5*k(p). What is the remainder when c(11) is divided by 13?
11
Let i(p) = p**2 - 14*p + 52. Let l be i(6). Calculate the remainder when 142 is divided by ((-2)/l)/(((-65)/(-13))/(-360)).
34
Let p = 441 + -437. Suppose 3200 = p*m + 2*l, -2*m + 1402 + 214 = -3*l. What is the remainder when m is divided by 73?
72
Let l be 102*-3 - (32 - 26). Let m = -306 - l. Calculate the remainder when 35 is divided by m.
5
Suppose 2*m = -22 + 24. Let c(q) = 3*q**2 - 2*q + 2. Let l be c(m). Suppose 37 = l*j - j - 3*t, 48 = 3*j - 3*t. What is the remainder when 50 is divided by j?
6
Let f = 15469 + -15442. What is the remainder when 313 is divided by f?
16
Let p(w) = -9*w**3 - 2*w**2 + 1. Let c = 2366 - 2097. What is the remainder when c is divided by p(-1)?
5
Let a(z) = 7*z**3 - 287*z**2 + 4*z + 47. Calculate the remainder when a(41) is divided by 46.
27
Suppose -74*y + 79*y - 4055 = 5*o, -4*o = y - 791. Calculate the remainder when y is divided by 159.
12
Calculate the remainder when 7329/6*(-126)/(-441) is divided by 57.
7
Let c = -29 - -43. Suppose o = 132 + c. What is the remainder when o is divided by 37?
35
Let n(a) = a**3 + 5*a**2 - 3*a. Let j(o) = 2*o**3 + 96*o**2 - 12*o - 564. Calculate the remainder when n(-4) is divided by j(-48).
4
Let q(x) = 3*x + 47. Let n be q(-7). Let c(j) = j**3 - 27*j**2 + 17*j + 253. Suppose 2*o + 92 = 3*o. Calculate the remainder when o is divided by c(n).
16
Let r(p) = 27*p**2 + 2*p - 2. Let m be r(1). Let d(n) = 27 + 3*n - m + 2*n**2. What is the remainder when d(-2) is divided by 2?
0
Suppose -5*l - 4*z = -z - 71, 3*z + 25 = l. Let s(o) = 2*o**2 + 123*o + 746. What is the remainder when s(-55) is divided by l?
15
Suppose y - 3 = -4*k, -7*y + 3*y - 4 = 0. Let u(p) = p + 6. What is the remainder when 66 is divided by u(k)?
3
Suppose 0 = -12*y - 2993 + 9041. Suppose 3*d = 3*k + y, k = -3*k - 8. What is the remainder when d is divided by 43?
37
Let k = -7070 - -7313. What is the remainder when 12633 is divided by k?
240
Suppose 0 = -5*r - 3*p + 4507, 0 = -22*r + 25*r - 5*p - 2677. Calculate the remainder when r is divided by 41.
38
Suppose -3*c + 44 - 9 = t, 4*t - c - 140 = 0. Suppose -3*y = -4*g - 20, 48*y - 25 = 43*y + 5*g. What is the remainder when t is divided by 378/14 + y + -5?
13
Suppose -2*x - 925 = -3*x - u, -5*x = -4*u - 4652. What is the remainder when x is divided by 308?
4
Suppose -14*r + 10*r + 4*u + 760 = 0, -2*u - 575 = -3*r. Let s(x) = 6*x**2 + 3*x - 1. Calculate the remainder when r is divided by s(-3).
19
Let x(u) = -11*u + 160. Let h be x(15). Let d = h + 150. What is the remainder when d is divided by 32?
17
What is the remainder when 1216 + 9 + 104/(-4) is divided by 26?
3
Let m = -29 + 28. What is the remainder when 61 - 1/(m/4) is divided by (1/1)/(1/11)?
10
Let d(o) = -34*o - 1541. What is the remainder when 5352 is divided by d(-47)?
51
Calculate the remainder when -45*(-34)/6*(-73 + 76) is divided by 39.
24
Suppose -51*s = -29*s - 19118. Let d = s + -733. Calculate the remainder when d is divided by 36.
28
Suppose 5*r = -9 + 89. Suppose 4*s - 27 = 161. Calculate the remainder when s is divided by r.
15
Let g = 14 - 12. Let c(m) = 7*m**2 - 3*m + 1. Let q be c(g). Let w = q + 24. What is the remainder when w is divided by 10?
7
Suppose 3*j - 20 = z, j + 4*z + 5 = -2*j. Suppose 60 = j*f - 35. Suppose -69*w = 19*w - 18216. Calculate the remainder when w is divided by f.
17
Let s = -242 - -245. Suppose s*o - o + 204 = 4*h, 20 = -5*o. What is the remainder when h is divided by 15?
4
Let z = 5582 - 3549. Calculate the remainder when z is divided by 185.
183
Let p = 2003 - 1962. What is the remainder when 255 is divided by p?
9
Let p = 8 + -5. Suppose -28*j + 25*j + 2*h = -71, -5*j + 130 = -5*h. What is the remainder when j is divided by p?
1
Let q(u) = 4*u**3 + u**2 + 2. Let f be q(3). Let i = f + -77. Suppose -21 + i = t. Calculate the remainder when 82 is divided by t.
19
Let m(x) = 3*x + 2. Let z be m(11). Let f be -32*(-3)/(72/(-4))*3. Let g = z + f. Calculate the remainder when 74 is divided by g.
17
Suppose -66 = -6*f + 2*f - 2*i, -80 = -5*f - 5*i. Let r = f - -10. Suppose 4*a + 30 = -4*j + 434, -15 = 5*j. Calculate the remainder when a is divided by r.
23
Let o(s) = s**2 + 11*s + 17. Let n be o(-13). Suppose 339 = 4*h - r, 3*h + 5*r - 240 - n = 0. Let b = 720 + -696. What is the remainder when h is divided by b?
14
Suppose -2*q = -y - 1344, -q - 4*y + 672 = -0*y. Calculate the remainder when q is divided by 15.
12
Let a(i) = -i**2 - 4*i + 5. What is the remainder when 440 is divided by a(0)?
0
Let s = 125679 - 125546. Let m(r) = 9*r**2 + 2*r + 1. What is the remainder when s is divided by m(-1)?
5
Let i = -8888 - -10012. What is the remainder when i is divided by 186?
8
Suppose 2*z + 301 = -7. Calculate the remainder when 248/5 + (-2)/(-5) is d